t of 127346?
2
What is the hundreds digit of 254599?
5
What is the tens digit of 26716947?
4
What is the ten thousands digit of 34389?
3
What is the ten thousands digit of 33536?
3
What is the thousands digit of 5321358?
1
What is the hundreds digit of 2685347?
3
What is the units digit of 3387633?
3
What is the units digit of 705516?
6
What is the units digit of 234408?
8
What is the hundreds digit of 1848764?
7
What is the tens digit of 294168?
6
What is the hundred thousands digit of 521834?
5
What is the tens digit of 2488231?
3
What is the ten thousands digit of 827260?
2
What is the hundred thousands digit of 273919?
2
What is the thousands digit of 130022?
0
What is the thousands digit of 20780950?
0
What is the hundreds digit of 4772980?
9
What is the units digit of 3399595?
5
What is the tens digit of 1150891?
9
What is the tens digit of 163193?
9
What is the tens digit of 7356185?
8
What is the thousands digit of 23189598?
9
What is the tens digit of 39740?
4
What is the ten thousands digit of 9266454?
6
What is the hundreds digit of 112755?
7
What is the thousands digit of 14336976?
6
What is the tens digit of 200495?
9
What is the hundred thousands digit of 215573?
2
What is the ten thousands digit of 12189786?
8
What is the units digit of 4785297?
7
What is the hundred thousands digit of 14541699?
5
What is the hundreds digit of 3111294?
2
What is the tens digit of 376469?
6
What is the tens digit of 65037?
3
What is the units digit of 11996091?
1
What is the tens digit of 257356?
5
What is the units digit of 583915?
5
What is the ten thousands digit of 31313964?
1
What is the thousands digit of 9870417?
0
What is the thousands digit of 1232630?
2
What is the tens digit of 41230?
3
What is the ten thousands digit of 19492673?
9
What is the hundred thousands digit of 3799218?
7
What is the ten thousands digit of 172230?
7
What is the ten thousands digit of 18237?
1
What is the units digit of 43979?
9
What is the ten thousands digit of 156654?
5
What is the units digit of 1514742?
2
What is the ten thousands digit of 98896?
9
What is the hundred thousands digit of 1344479?
3
What is the ten thousands digit of 15579?
1
What is the thousands digit of 307687?
7
What is the tens digit of 3227901?
0
What is the hundreds digit of 476531?
5
What is the thousands digit of 574815?
4
What is the tens digit of 299561?
6
What is the thousands digit of 14801012?
1
What is the units digit of 23179340?
0
What is the tens digit of 2705430?
3
What is the ten thousands digit of 18085456?
8
What is the ten thousands digit of 10460423?
6
What is the hundred thousands digit of 12668882?
6
What is the hundred thousands digit of 1327884?
3
What is the millions digit of 1322593?
1
What is the millions digit of 1576694?
1
What is the thousands digit of 170779?
0
What is the ten thousands digit of 14361629?
6
What is the tens digit of 3542298?
9
What is the tens digit of 2349655?
5
What is the ten thousands digit of 15539?
1
What is the ten thousands digit of 624522?
2
What is the tens digit of 300715?
1
What is the ten thousands digit of 49748?
4
What is the units digit of 16706126?
6
What is the units digit of 1828853?
3
What is the thousands digit of 1006472?
6
What is the thousands digit of 3662746?
2
What is the units digit of 352502?
2
What is the hundreds digit of 340907?
9
What is the units digit of 562987?
7
What is the ten thousands digit of 21551?
2
What is the hundred thousands digit of 275600?
2
What is the units digit of 2061264?
4
What is the ten thousands digit of 271239?
7
What is the thousands digit of 615367?
5
What is the ten thousands digit of 6465853?
6
What is the thousands digit of 818481?
8
What is the thousands digit of 89292?
9
What is the hundred thousands digit of 3179992?
1
What is the hundreds digit of 52695?
6
What is the hundreds digit of 589897?
8
What is the tens digit of 8510333?
3
What is the hundred thousands digit of 1669839?
6
What is the hundred thousands digit of 22236786?
2
What is the hundred thousands digit of 740744?
7
What is the units digit of 6154576?
6
What is the units digit of 785772?
2
What is the tens digit of 602924?
2
What is the ten thousands digit of 1636727?
3
What is the tens digit of 11109838?
3
What is the hundreds digit of 718615?
6
What is the hundreds digit of 8002014?
0
What is the tens digit of 305839?
3
What is the tens digit of 32261115?
1
What is the thousands digit of 67564?
7
What is the units digit of 134554?
4
What is the thousands digit of 25521967?
1
What is the units digit of 13628459?
9
What is the hundreds digit of 449615?
6
What is the units digit of 734817?
7
What is the units digit of 19509?
9
What is the units digit of 39885?
5
What is the tens digit of 6984009?
0
What is the thousands digit of 767354?
7
What is the hundred thousands digit of 5979107?
9
What is the ten thousands digit of 333664?
3
What is the thousands digit of 663429?
3
What is the thousands digit of 945903?
5
What is the tens digit of 2223545?
4
What is the hundred thousands digit of 23747095?
7
What is the thousands digit of 1411113?
1
What is the hundreds digit of 12117530?
5
What is the thousands digit of 427956?
7
What is the tens digit of 9162609?
0
What is the units digit of 2790205?
5
What is the thousands digit of 2040887?
0
What is the hundred thousands digit of 198222?
1
What is the thousands digit of 711464?
1
What is the units digit of 246602?
2
What is the millions digit of 4391525?
4
What is the units digit of 290826?
6
What is the hundred thousands digit of 1311453?
3
What is the units digit of 7971938?
8
What is the hundreds digit of 180683?
6
What is the hundred thousands digit of 212810?
2
What is the tens digit of 151611?
1
What is the hundreds digit of 3256659?
6
What is the hundreds digit of 254056?
0
What is the ten millions digit of 23095781?
2
What is the ten thousands digit of 494613?
9
What is the units digit of 311552?
2
What is the tens digit of 1331556?
5
What is the units digit of 8393182?
2
What is the ten thousands digit of 3297370?
9
What is the ten thousands digit of 3987112?
8
What is the ten thousands digit of 62025?
6
What is the ten thousands digit of 262353?
6
What is the ten thousands digit of 817376?
1
What is the ten thousands digit of 1626236?
2
What is the ten thousands digit of 469511?
6
What is the tens digit of 19883015?
1
What is the ten thousands digit of 2457630?
5
What is the thousands digit of 37708904?
8
What is the units digit of 250185?
5
What is the tens digit of 1061697?
9
What is the hundreds digit of 155670?
6
What is the hundreds digit of 163311?
3
What is the ten thousands digit of 2490075?
9
What is the units digit of 5944824?
4
What is the hundreds digit of 5483009?
0
What is the tens digit of 6888400?
0
What is the ten thousands digit of 12340823?
4
What is the hundreds digit of 24579465?
4
What is the hundred thousands digit of 279984?
2
What is the tens digit of 727772?
7
What is the hundred thousands digit of 6306713?
3
What is the units digit of 23473?
3
What is the millions digit of 23755136?
3
What is the units digit of 33169361?
1
What is the ten thousands digit of 15650701?
5
What is the hundred thousands digit of 7541652?
5
What is the ten thousands digit of 200134?
0
What is the units digit of 304965?
5
What is the hundred thousands digit of 14263028?
2
What is the ten millions digit of 30830779?
3
What is the thousands digit of 15881?
5
What is the thousands digit of 230503?
0
What is the hundred thousands digit of 3546414?
5
What is the hundreds digit of 624682?
6
What is the tens digit of 325806?
0
What is the thousands digit of 4616193?
6
What is the millions digit of 2017006?
2
What is the thousands digit of 247548?
7
What is the tens digit of 1932118?
1
What is the tens digit of 323921?
2
What is the units digit of 1430682?
2
What is the hundred thousands digit of 1963933?
9
What is the ten thousands digit of 8318401?
1
What is the hundreds digit of 2632448?
4
What is the tens digit of 332459?
5
What is the ten thousands digit of 31553?
3
What is the hundred thousands digit of 947185?
9
What is the ten thousands digit of 10516434?
1
What is the thousands digit of 211890?
1
What is the hundreds digit of 2825562?
5
What is the